w(a) = a**2 - 5*a - 2. Let f be w(-5). Suppose 3*v + v - 5*l = f, 65 = 5*v - 5*l. What is the tens digit of v?
1
Let x(b) = 147*b**2 - 3*b - 4. What is the units digit of x(-1)?
6
Let g = -4 - -9. Suppose 2*m = g*m - 39. What is the tens digit of m?
1
Let r(l) = -3*l - 5. Let h be r(-4). Suppose 3*y - h*y + 8 = 0. Suppose 4*p - 8 = 0, -p - 6 - 8 = -y*n. What is the units digit of n?
8
Suppose 0 = -2*t, 2*t - 7*t = -4*m + 188. What is the units digit of m?
7
Suppose 7*j = 6*j + 62. What is the units digit of j?
2
Let t be (-520)/(-10)*(-6)/(-8). Let m = -19 + t. What is the tens digit of m?
2
Suppose 0 = -v - 0*v - 2. Let s(f) = f**3 + 3*f**2 + 2*f + 3. Let b be s(v). Suppose -5*o = -2*n - n - 77, b*o - 4*n = 55. What is the tens digit of o?
1
Let u be (-1)/(3*1/30). Let x(f) = f**3 + 10*f**2 - 3*f. What is the tens digit of x(u)?
3
Let r(m) = -2*m**3 + 4*m**2 + 6*m - 4. Let b(l) = 3*l**3 - 3*l**2 - 7*l + 5. Let h(w) = 3*b(w) + 4*r(w). What is the tens digit of h(-6)?
1
Suppose 4*p - 6 = p. Let k be 17 - ((0 - 2) + p). Let n = k - 8. What is the units digit of n?
9
Let g(u) = u**3 + 15*u**2 - 18*u + 31. What is the units digit of g(-16)?
3
Let v = -6 + 8. Suppose -c - 10 = -2*c. What is the units digit of (c/2 - v)*1?
3
Let k(o) = 2*o**2 - 5*o - 2. Let p be k(4). Let t be (15/5)/(6/p). Suppose t*i - 58 = 7. What is the tens digit of i?
1
Suppose -5*t + 3*n = n - 268, 3*n = 4*t - 213. What is the units digit of t?
4
Suppose b + 9 - 63 = 0. What is the tens digit of b?
5
Suppose 2*l = 4*v + 174, -3*l - 72 = -4*l + 5*v. What is the tens digit of l?
9
Suppose -2*f = 2*r - 4, -1 - 5 = -3*f - 2*r. Suppose 0 = f*n - 40 - 8. Suppose -4*l - l + n = 2*k, 0 = 5*k - l - 33. What is the units digit of k?
7
Let b(f) = -f**2 - 10*f - 2. What is the tens digit of b(-8)?
1
Let r(f) = f**3 - 2*f**2 - f - 4. Let o be r(3). Suppose -2 = -i + o. What is the units digit of (2 - i) + 13 + -1?
0
What is the units digit of 147/5 + 4/(-10)?
9
Let s(y) = y**3 + 7*y**2 + y - 3. Let b be s(-3). Suppose -b = -4*g + 6. What is the units digit of g?
9
Let z be 2 + -4*3/2. Let m(q) = q**2 + 3*q + 1. Let j be m(z). Let s = j - 2. What is the units digit of s?
3
What is the units digit of -2 - ((-20 - 0) + -1)?
9
Suppose -v - 3*v = 5*k - 60, k - v - 3 = 0. What is the units digit of k?
8
Suppose 6*n - 2*n = 2*q + 8, 4*q - 32 = -4*n. Suppose k - 14 = q. What is the units digit of k?
8
Suppose 0 = -12*r + 4*r + 64. Suppose r*y = -0*y + 40. What is the units digit of y?
5
Suppose -2*a - 10 + 38 = 0. What is the tens digit of a?
1
Let a(i) = -3*i + 3. Let c be a(2). Suppose 40 = 2*x + 3*x. Let z = x + c. What is the units digit of z?
5
What is the tens digit of 6*(4 - 4/(-3))?
3
Let i be 6/(-2) - 2/1. Let m(x) = 2*x**2 + 8*x + 7. What is the tens digit of m(i)?
1
Let g(o) = -o**2 - o + 26. Let y be g(0). Suppose 5*q + y + 1 = 4*p, -3*q = -p - 2. Let r = p + -3. What is the tens digit of r?
1
Suppose -5*h + 4*m - 9 = -51, -5*m = -4*h + 30. What is the units digit of h?
0
Let z = 18 + -13. Suppose 0 = -z*m + 7*m - 4. What is the units digit of m?
2
Suppose 4*m = 4*r - 160, -4*m - 201 = -4*r - r. What is the units digit of r?
1
Suppose -5*t + 4 = o + 1, -4*o - 3*t = -12. Suppose 2*n - 25 = -o*n. Suppose 16 = -n*p + 61. What is the units digit of p?
9
Suppose -5 = 2*z - 13. Suppose -c = c - z. Suppose -3*j = 2*w - 30, -3*j + 30 = -0*w - c*w. What is the tens digit of j?
1
Let z(b) = -15*b - 10. What is the tens digit of z(-8)?
1
Let s(r) = -r**3 + 7*r**2 - 4*r - 6. Let z be s(6). What is the units digit of 42/z + 0 + 0?
7
Suppose 4 = -c + l, -5*l = -4*c - 3 - 10. Let p = -4 - c. Suppose p*n = 3 - 0. What is the units digit of n?
1
Let p = -98 + 169. Let o = 127 - p. What is the tens digit of o?
5
Suppose -26*y = -18*y - 472. What is the units digit of y?
9
Let b(p) = p**2 - 7*p - 15. What is the hundreds digit of b(-11)?
1
Suppose 4*o = -9*o + 1040. What is the units digit of o?
0
Suppose 5*f = 25, 4*f = j + 9*f - 31. Let b(q) = q**2 + 3*q - 2*q**3 + q**3 - 8 + 5*q**2 + 0*q**3. What is the tens digit of b(j)?
1
Let d(v) = v**3 - 3*v**2 + 3*v. Let a be d(2). What is the units digit of (1/a)/(4/104)?
3
Let s(r) = -r - 6. Let c be s(-6). Suppose 4*u - 5*v + c = 1, 0 = -2*u - 5*v + 23. Suppose -3*j + 13 = 3*x + j, x + 1 = -u*j. What is the units digit of x?
7
Let k(v) = v + 4. Let q(z) = 2*z + 9. Suppose 0 = 2*l - 4 - 6. Let x(i) = l*k(i) - 2*q(i). What is the units digit of x(4)?
6
What is the tens digit of (1/3)/(2208/(-2214) + 1)?
2
Let r be (3/(-5))/((-1)/5). Let a = 7 - r. What is the units digit of a?
4
Suppose 5*t - 5*w = -123 + 318, 4*t = -2*w + 156. Suppose -3*o = -5*s + t + 11, -2*o = 0. What is the tens digit of s?
1
Suppose 7*v - 14 = 5*v. Suppose -v*p = -5*p - 10. What is the units digit of p?
5
Suppose 0 = 3*r - p + 65, 2*p = -2*r - p - 58. Suppose 5*y - 5*o + 210 = 0, -5*o = -o + 8. Let i = r - y. What is the units digit of i?
1
Let c = 720 + -365. What is the tens digit of c?
5
Suppose -408 = 7*d - 11*d. What is the tens digit of d?
0
Let k(t) = -t - 1. Let i be k(-5). Let j = i + 0. What is the units digit of j?
4
Suppose -95 = -0*g - 5*g. Suppose 2*z - d - d - 8 = 0, 4*d = z - g. What is the units digit of 1 + -1 + 2 + z?
1
Let s be 2/(-8) - (-4)/16. Let v = s - -6. Suppose -v*a + a = 2*m + 6, 2*m - 3*a = 10. What is the units digit of m?
2
Let q(u) be the third derivative of -u**7/5040 + u**6/180 + u**5/20 + u**2. Let j(n) be the third derivative of q(n). What is the units digit of j(2)?
2
Suppose 1 = f - 19. Suppose 6*q = q + f. Let a(y) = 5*y - 5. What is the units digit of a(q)?
5
Suppose -7*l + 32 = -395. What is the units digit of l?
1
Let h be 1/1 + -8 - 2. Let v be (6/h)/(2/(-9)). Suppose -v - 1 = -4*f. What is the units digit of f?
1
Let s(n) = n**3 + 2*n**2 - 3*n - 1. Let g be s(-4). Let c = -9 - g. What is the tens digit of c?
1
What is the tens digit of (-8)/(-20) - 534/(-15)?
3
Suppose 0 = 3*l - 5 - 4. Suppose 52 = -l*t + 5*t. What is the units digit of t?
6
Suppose 46 = 3*y - 35. What is the units digit of y?
7
Let t = 0 - 0. Suppose 3*h - 28 - 17 = t. What is the units digit of h?
5
Let m(b) = b**3 + 3*b**2 - 7*b - 4. Let d be m(-5). Let n = -8 - d. What is the units digit of n?
1
Let r = 1 + 2. Suppose 0 = s + r*s - 40. What is the units digit of s?
0
Let o(x) = x**3 - 2*x**2 - 2*x + 2. Let d be o(3). Suppose -5*y = -3*r + 6*r - 121, 5*r = d*y - 105. What is the tens digit of y?
2
Suppose -13 + 153 = 3*g - x, -3*x - 138 = -3*g. What is the units digit of g?
7
Suppose 9 + 11 = -4*q. Let t be (3/q)/((-1)/5). Suppose -t*m + 20 = m. What is the units digit of m?
5
Suppose -g = -0*g - 14. Suppose -2*u = -5*i + 6, -4*i - 2*u + g = u. What is the units digit of i?
2
What is the units digit of -1*2/(-3)*183/2?
1
Let t = 42 + 46. Suppose -28 - t = -4*y. What is the units digit of y?
9
Let s = 16 - 10. Suppose w + 2*i = -s, -5*i - 22 - 3 = 0. Suppose 0 = w*y - 2*y - 10. What is the units digit of y?
5
Let l = -1 - 0. Let u = 8 - l. What is the units digit of u?
9
Suppose -3*f = -5*a + 508, -282 - 19 = -3*a - 2*f. Let l = -64 + a. What is the tens digit of l?
3
Suppose o = 2*o - 1. Suppose 4*f - 4 = -3*r, -2*f - o = 5*r + 11. Let k = 1 + f. What is the units digit of k?
5
Let o(x) = 3*x - 10. What is the tens digit of o(10)?
2
Let k = -23 - -68. What is the units digit of k?
5
Let q(r) = -r**3 - 2*r**2 + r + 2. Let m be q(3). Let f = -25 - m. What is the units digit of f?
5
Suppose 3*t + 5*m = 242, 5*t - 5*m - 112 = 318. Suppose -6 - t = -5*p. What is the tens digit of p?
1
Let a(j) = j**3 + 3*j**2 + j. Let h be a(-5). Let f = -29 - h. What is the units digit of f?
6
Let q(d) = -d**2 - 11*d + 6. Let u be q(-10). Let m = u + -6. What is the tens digit of m?
1
Suppose -r - 3*r = -4. Let v = 2 + r. Suppose c + 8 = v*c. What is the units digit of c?
4
Suppose 2*c - 12 = -6. What is the units digit of c?
3
Let c = 28 + 4. What is the units digit of c?
2
Let p be (-21)/12 + 2/(-8). Let f = 0 + p. What is the units digit of (3/(-9))/(f/12)?
2
Let b = 79 - 57. What is the units digit of b?
2
What is the units digit of 11 - (2 - (-2 - -1))?
8
Suppose 3*v - 31 = -7. Let f(o) = o**2 - 7*o + 1. What is the units digit of f(v)?
9
Let y(v) be the third derivative of -v**5/60 -